**4/4 + s**3/3 + s**2/2 + 10389*s + 28. Is y(0) a composite number?
True
Let v(a) = 498*a**3 - 29*a**2 + 203*a + 107. Is v(7) composite?
False
Suppose 0 = -q + 2*t - 30121, -60252 = 2*q - 3*t + 4*t. Let d = q - -20487. Is d/(-4) - (-3)/2 prime?
True
Let i be 3*2*20/48*2. Suppose 4*o + i*x - 141 = 347, 3*x - 369 = -3*o. Is o a prime number?
True
Suppose 42*n - 56*n + 1222354 = 0. Is n a prime number?
False
Let y = -457378 - -714489. Is y a prime number?
False
Suppose 2*c - 516 = -y + 3254, 3*c = -y + 3766. Let p = y + -2025. Is p composite?
False
Let z = -17101 + 138074. Is z a prime number?
False
Suppose 14*b = -226376 + 575718. Is b a composite number?
False
Let w be ((-6)/(-9))/(16/(-14064)). Is ((-561)/(-22) + -9)*w/(-3) a composite number?
True
Let c = -364 + 366. Is 15633/c - (117/18 + -7) composite?
False
Suppose 285 = -2*q + 17*q. Suppose -q*o + o = -63198. Is o a prime number?
True
Let f(n) = -241 - 66*n - 61*n - 113*n. Is f(-18) prime?
True
Let n(f) = -2*f + 39. Let r be n(21). Let o(x) = 773*x**2 - 2*x - 4. Is o(r) a prime number?
True
Let h(i) = 0*i + 92*i**3 - 91*i**3 + 0*i + 6*i**2 + 4*i - 1. Let k be h(-5). Is 2/k + 5934/12 + -2 prime?
False
Let b = -11447 + 29328. Is b prime?
True
Let w(r) be the third derivative of -r**6/120 + r**5/4 - 5*r**4/8 + r**3 - 5*r**2. Let i be w(14). Is 4/(-16) - 3306/i a prime number?
False
Is (-11)/(231/12) - (-29283475)/203 a composite number?
False
Let w(r) = -2*r + 3 + 7*r**2 + 5*r**2 + 7*r**2 - 1. Let n be w(-3). Let b = n + 228. Is b a prime number?
False
Suppose -4*l = w - 637834, 5*l + 60*w - 797279 = 61*w. Is l composite?
False
Is (-75)/225 + (-304988)/(-6) prime?
False
Let b(x) = 17808*x - 1366. Is b(34) a prime number?
False
Let n = 1598081 - 685894. Is n prime?
True
Let m(b) = -150*b**3 - 14*b**2 - 8*b - 5. Let l(a) = 50*a**3 + 0 - 8*a - 11*a + 5*a**2 + 2 + 22*a. Let p(u) = 8*l(u) + 3*m(u). Is p(-1) prime?
False
Let y(s) = 2*s - 12. Let m be y(6). Suppose n + 2*h - 17 = m, 4*n - 4*h = -7*h + 88. Let t = n + 176. Is t a composite number?
True
Is (-55)/(-22)*4/10*1659299 a composite number?
False
Let q(u) be the third derivative of 0 + 1/5*u**5 - 9*u**2 + 7/6*u**3 + 0*u + 1/8*u**4. Is q(4) a composite number?
False
Let k(t) = -197*t - 24. Let u be k(10). Let g = 3535 + u. Is g prime?
False
Suppose -5*h + 5 = 5*o, -3*o + 20 - 5 = -h. Let v be (10/h)/(5 + (-643)/129). Is 3 + (0 - (v - -1)) prime?
False
Suppose 1316574 = 20*s - 6*s. Is (-8)/(-14) - s*(-8)/56 a composite number?
True
Is 14 + 3 + (-915084)/(-54) composite?
False
Suppose 0 = x - 2*v, -5*x - 2*v = -4 - 8. Suppose x*b = 8899 + 18259. Is b prime?
False
Let c = -191 - -200. Is 5 - ((-2)/c - 59434/9) a prime number?
False
Let s(a) = 367*a**2 + 3*a + 4. Suppose 3*o = -6 + 30. Let y(d) = -d**2 + 8*d - 2. Let u be y(o). Is s(u) prime?
False
Let i = -106911 + 203705. Is i composite?
True
Let m = 10 - 6. Let w = -224 + 224. Suppose -m*q + 2456 = -w*q. Is q a composite number?
True
Let l(x) = 549*x**2 + 143*x + 9. Is l(-10) prime?
True
Suppose 5*c + 14 - 24 = 0. Let i be -2*c/2 - (-1726)/1. Suppose i = -3*y + 7*y. Is y composite?
False
Suppose 5*s + 3*l = -24, 4*s - 5*l = -14 - 20. Let q be (15/s)/5*-5224. Is (-8)/(-20) - q/(-20) a composite number?
False
Suppose 0 = 2*f, 4*t = -5*f - 2766 + 43074. Is t a prime number?
False
Is (-467079)/18*(-96)/16 composite?
False
Suppose -107*w - 106*w + 227*w = 1435322. Is w composite?
False
Let u be 15/35 - 318172/(-14). Let t = u - 14490. Is t/7 + 7/(98/4) composite?
True
Let d = 102 - 96. Suppose -6 = -3*r + d, -y + 4*r - 11 = 0. Suppose -2080 = -y*g + g + o, -2*g + 3*o + 1030 = 0. Is g prime?
True
Let n(j) = -66*j**3 - 10*j**2 + 67*j + 31. Is n(-12) a prime number?
False
Suppose 0 = 298*m - 292*m - 896958. Suppose 8*i - 78515 - m = 0. Is i a prime number?
False
Is (-1)/(-4) + -197485*(-15)/100 composite?
True
Let k(u) = 25*u**3 - 42*u**2 - 39*u + 529. Is k(18) a prime number?
True
Let p = -26657 - -8793. Is (-6)/(-4)*p/(-84) prime?
False
Is (1625458/(-1897))/((-18)/14 + 1) a prime number?
True
Let t(a) = -8 - 47 - 13*a + 0*a - 2 - 46 + 29*a**2. Is t(23) a prime number?
True
Let x(u) = -4*u**3 + 11*u**2 - 87*u + 17. Let v(p) = -3*p**3 + 12*p**2 - 88*p + 16. Let m(c) = -3*v(c) + 2*x(c). Is m(9) prime?
False
Let a = -6157810 + 12292197. Is a a composite number?
True
Let u = -93 - -98. Suppose s = 2*d - 136, 25 = u*s + 3*d + 640. Let q = 457 + s. Is q a composite number?
False
Let k(g) = g**3 - 5*g**2 + g - 3. Let p be k(5). Suppose -4*x + 2396 = p*o - 5256, 3*o = -3*x + 5739. Is x prime?
True
Let g(d) = 4*d - 3. Let u(q) = q + 4. Let z(s) = -g(s) + 5*u(s). Is z(-4) composite?
False
Let b(r) = -r**3 + r - 2. Let j be b(-2). Suppose -4*h = -j*k + 6*k - 16362, k = -h + 8183. Is k a prime number?
False
Let f(y) = -y**2 + 5*y + 8. Let m be f(-2). Is ((-1)/m*-2)/(6/(-573246)) prime?
True
Let s(i) = i**3 - 6*i**2 - 7*i + 23. Let f(v) = 2*v**3 - 4*v**2 - 7*v + 22. Let g(j) = -6*f(j) + 5*s(j). Is g(-10) composite?
True
Suppose -12*l = -13*l - n + 37411, 149628 = 4*l - 4*n. Is l a prime number?
True
Suppose f = 5*d + 6, 4*f - d = -4*d + 47. Let t be (f + -3)/((-8)/(-3508)). Suppose -5*m + t = -m. Is m prime?
True
Let r = 166022 - -670325. Is r a composite number?
False
Let h be 2142 - (2/(-1) + 5 + -1). Suppose 2*d + h = -3*d - 5*o, -d - 398 = -5*o. Let k = d + 932. Is k a composite number?
False
Let z be (7/(-21))/(1/(-69)). Suppose k + 5*a = -z, -4*k - 1 = a - 4. Is (0 - 2)/k + 159 a composite number?
True
Is (1350/(-30) + 2139392)*(-1 + 2) prime?
False
Let m(c) = -23205*c + 652. Is m(-10) a prime number?
False
Suppose -4*c - 31*y + 35*y - 4 = 0, -15 = -c - 3*y. Let a(v) = -5*v + 271*v**2 + 3 - 4 + 136*v**2. Is a(c) a prime number?
False
Let y(t) = t**3 + 11*t**2 + 10*t + 6. Let j be y(-10). Suppose 18*h - j = 16*h. Suppose -m - h*s = -213, 2*s = 5*m - 596 - 401. Is m composite?
True
Let j(d) be the first derivative of -d**6/12 + d**5/60 - 5*d**4/24 - d**3/2 + 2*d**2 + 6. Let c(u) be the second derivative of j(u). Is c(-2) prime?
False
Let m be (-184)/44 + 7 - 4/(-22). Suppose -5*f + 2*z = -z - 389, m*f - 4*z = 229. Is f composite?
False
Let i(r) = -r - 1. Let o be i(-21). Let m be 58/15 - o/(-150). Is ((-8)/7)/m + 36399/21 prime?
True
Suppose 5*b - 702 = 2*b - 3*f, -2*f + 936 = 4*b. Suppose -o + 565 = b. Is o a composite number?
False
Let h(z) = 10 + 11*z + 11*z**2 - 2*z**3 + 17*z**3 - 14*z**3. Let j be h(-10). Is (j - (8503 - 4))*(-4)/12 composite?
False
Is (-534703)/(-104)*(-18)/3*16/(-6) a prime number?
False
Let u = -146 - -165. Suppose -u*x + 4*x = -54525. Is x prime?
False
Let u(g) = -2*g + 19. Let a be u(8). Suppose 0 = a*s + s - 27144. Is -1*2/(-6)*s/6 prime?
False
Let b(f) = -603*f - 14. Let w(k) = -1205*k - 29. Let a(r) = 9*b(r) - 4*w(r). Is a(-3) composite?
False
Let k = 8 + -7. Suppose 5*r - 115 = -2*d, d - k = 4. Suppose -48 - r = -m. Is m prime?
False
Let n(g) = 2*g**2 - 17*g + 16. Let s be 5 + (5 - (2 + 0)). Let j be n(s). Is 18666/j + (-2)/8 prime?
True
Let k be 55/50 + -1 + 114/60. Suppose -2*i = -t + 3*i + 8517, -k*i = -2*t + 17002. Is t prime?
False
Let a be (-10236)/72 - (-1)/6. Is 5*a/(-1) + 3 composite?
True
Suppose -x + 1 = 0, i - 704*x - 36041 = -708*x. Is i composite?
False
Let f(n) = -3*n + 15. Let a be f(-20). Suppose 64690 = -a*p + 85*p. Is p a composite number?
False
Let b = -3410 - -10965. Suppose -3*z = 5*m + z + b, 2*z = 4*m + 6018. Let q = m - -2288. Is q composite?
True
Suppose -4*y - i + 228 = 44, -3*y + 147 = 3*i. Is 11/(99/y) + 1895 + 1 prime?
True
Let k = 225 + -222. Suppose 3*j - 4*y = 3794, -6*j - 2*y + 3782 = -k*j. Is j prime?
False
Suppose 1493*y + 177532 = 1508*y - 85823. Is y composite?
True
Suppose q - k - 6 = 0, 5*q = 4*k - 12 + 38. Suppose -q*b + 55536 = 4*w, 2*b = 3*w - w - 27774. Is w a prime number?
False
Let d(q) = -q**2 + 6*q - 5. Let g be d(2). Is g + 3067 + 4 - -5 a composite number?
False
Suppose -2*j + 22 = 3*a, 7*a - 2*a = 3*j + 5. Suppose -2*i - 886 = -j*h, -4 = -i - 2. Suppose -h = -4*o - 5*k + 203, k - 94 = -o. Is o composite?
False
Let j(u) = -5*u - u - 4*u - 3*u - 2. Let z be j(-1). Suppose 92 = l - z. Is l a composite number?
False
Suppose 0 = 19*x + 7484 - 888953 - 2723914. Is x composite?
False
Is 35 + -42 + (-3)/2*-29616 composite?
False
I